155
Let h(j) = -37*j - 78. Calculate h(11).
-485
Let k(s) = -9*s - 160. Determine k(-15).
-25
Let q(j) = 27*j + 36. Determine q(-6).
-126
Let b(x) = 1912*x - 286806. Give b(150).
-6
Let x(g) = 10*g**2 - 237*g + 166. What is x(23)?
5
Let w(o) = 3*o**3 + 19*o**2 - 8*o - 89. Give w(-6).
-5
Let k(t) = 437*t**3 - 4*t - 2. Determine k(-1).
-435
Let j(c) = -49*c + 289. Give j(6).
-5
Let z(i) = 43*i + 103. Determine z(-5).
-112
Let b(z) = 466*z + 1391. Calculate b(-3).
-7
Let d(f) = f**3 + 13*f**2 + 32*f - 38. What is d(-7)?
32
Let n(l) = 923*l + 1856. Give n(-2).
10
Let i(x) = x**3 + 23*x**2 + 36*x - 46. What is i(-21)?
80
Let d(l) = -4*l**2 - 442*l - 150. Calculate d(-110).
70
Let p(t) = -40*t - 244. Determine p(-5).
-44
Let l(c) = -52*c**3 - 8*c**2 + 7*c + 1. What is l(2)?
-433
Let a(p) = p**3 - 40*p**2 + 139*p + 174. What is a(36)?
-6
Let a(d) = -116*d**2 - 1616*d + 54. Determine a(-14).
-58
Let a(k) = -72*k + 3380. What is a(50)?
-220
Let w(m) = -31*m - 65. Determine w(-2).
-3
Let v(p) = -p**3 - 32*p**2 + 25*p - 55. Calculate v(-33).
209
Let z(x) = -2*x**2 + 89*x + 555. Give z(50).
5
Let q(u) = -u**2 - 3431*u + 17179. Determine q(5).
-1
Let h(i) = -737*i + 27277. Give h(37).
8
Let y(x) = x**2 + 100*x - 36704. Determine y(-248).
0
Let d(h) = h**2 + 4*h + 18. Give d(-4).
18
Let m(j) = 5*j**2 - 207*j + 1118. What is m(35)?
-2
Let g(t) = -450*t**2 + 31*t + 11. Give g(-1).
-470
Let f(l) = 2*l**2 - 25*l + 26. Calculate f(12).
14
Let o(n) = 9433*n - 18873. Determine o(2).
-7
Let i(z) = 46*z**2 - 5*z + 4. Give i(2).
178
Let h(u) = -35*u**2 - 248*u - 5. Calculate h(-7).
16
Let l(c) = -183*c + 2164. Determine l(10).
334
Let h(y) = 5702*y - 45614. What is h(8)?
2
Let z(i) = -5*i**2 - 355*i - 706. Calculate z(-69).
-16
Let k(u) = 27*u**2 + 3*u - 5. Give k(-2).
97
Let g(v) = 16*v**3 + 3*v**2 - 6*v + 6. Give g(2).
134
Let j(f) = f**3 - 4*f**2 - 36*f - 13. Give j(-8).
-493
Let n(g) = -172*g + 2742. Calculate n(18).
-354
Let a(r) = 23*r - 385. Give a(17).
6
Let o(c) = -4*c**2 + 2*c + 195. Calculate o(17).
-927
Let s(m) = -1658*m - 19902. Calculate s(-12).
-6
Let r(j) = -j**3 + 13*j**2 + 45*j + 37. Calculate r(16).
-11
Let s(g) = -4*g**2 + 701*g - 7221. Calculate s(11).
6
Let v(a) = 17*a + 36. Calculate v(1).
53
Let v(j) = j**3 + 18*j**2 + 11*j + 9. What is v(-10)?
699
Let v(o) = o**3 - 20*o**2 - 42*o + 10. Give v(22).
54
Let o(n) = -82*n + 181. Determine o(5).
-229
Let h(c) = 63*c + 110. Give h(0).
110
Let z(n) = -n**3 - 22*n**2 - 162*n - 1. Determine z(-10).
419
Let g(n) = -42*n + 5190. Calculate g(123).
24
Let u(l) = 2*l**2 + 55*l + 542. Give u(-17).
185
Let m(d) = 2*d**2 - 105*d + 146. Determine m(51).
-7
Let j(k) = k**3 - 11*k**2 - 38*k - 66. Determine j(14).
-10
Let n(d) = -139*d + 4329. What is n(31)?
20
Let h(f) = 2*f**2 + 32*f - 864. Calculate h(14).
-24
Let h(m) = 2*m**2 - 161*m - 4512. Calculate h(-22).
-2
Let u(o) = o**3 - 4*o**2 - 47*o - 55. Give u(-4).
5
Let y(s) = 3*s**2 + 20*s + 97. What is y(-8)?
129
Let b(a) = 2*a**3 - 59*a**2 + 18*a + 323. Give b(29).
4
Let h(j) = -3*j - 153. Calculate h(-40).
-33
Let j(p) = -p**3 + 29*p**2 + 32*p - 3. Give j(30).
57
Let q(f) = f**2 - 12*f + 23. Determine q(7).
-12
Let c(v) = -13*v**2 + 59*v + 36. Calculate c(7).
-188
Let b(n) = 37*n + 68. What is b(-3)?
-43
Let h(o) = o**3 + 148*o**2 - 457*o - 610. Calculate h(-151).
-6
Let o(i) = -48*i**2 + 476*i + 38. What is o(10)?
-2
Let u(r) = -r**3 + 34*r**2 + 104*r + 168. Calculate u(37).
-91
Let u(x) = -141*x - 398. Give u(-3).
25
Let n(p) = -673*p - 1190. What is n(-2)?
156
Let r(w) = -6*w**2 - 55*w - 34. Determine r(-8).
22
Let y(b) = -4*b**2 - 19*b - 29. Determine y(-3).
-8
Let x(y) = -5*y**3 - 8*y**2 + y + 15. Give x(-3).
75
Let t(m) = -479*m - 26855. Determine t(-56).
-31
Let j(b) = b**3 - 471*b**2 - 8797*b + 92. Give j(-18).
2
Let b(p) = -2*p**2 - 168*p + 5566. Calculate b(25).
116
Let x(z) = -8*z + 55. Give x(6).
7
Let s(w) = w**3 - 25*w**2 + 71*w + 230. Give s(22).
340
Let r(h) = 30*h**2 - 53*h + 123. Give r(3).
234
Let b(j) = -j**3 + 6*j + 17. Calculate b(7).
-284
Let k(z) = 17*z + 79. Give k(-3).
28
Let v(t) = -10*t**2 + 611*t - 613. Calculate v(1).
-12
Let u(v) = -v**2 + 14*v + 25. Calculate u(9).
70
Let r(n) = n**3 + 5*n**2 + 10*n + 54. Calculate r(-6).
-42
Let c(x) = 10*x + 338. What is c(12)?
458
Let s(t) = t**2 - 29*t + 374. Give s(24).
254
Let f(v) = -7*v**2 + 150*v - 87. Calculate f(23).
-340
Let u(b) = -2*b**2 - 71*b + 6040. What is u(40)?
0
Let j(z) = 45*z**2 + 3*z - 29. What is j(3)?
385
Let w(t) = -28*t**3 - t**2 - 9*t - 9. Give w(-1).
27
Let p(f) = -f**3 - 13*f**2 + 63*f + 268. Calculate p(-16).
28
Let u(r) = r + 89. What is u(8)?
97
Let p(r) = 4*r**3 + 5*r**2 - 9*r - 10. Calculate p(-2).
-4
Let j(k) = -94*k - 547. Give j(-5).
-77
Let w(l) = l**2 - 74*l + 869. Give w(15).
-16
Let f(p) = -25*p - 704. Calculate f(-28).
-4
Let m(i) = -3135*i - 12576. Determine m(-4).
-36
Let a(h) = -24*h**2 + 100*h - 217. Give a(2).
-113
Let g(t) = -22*t + 140. Give g(11).
-102
Let c(o) = 526*o - 5668. Give c(11).
118
Let l(d) = -6*d**3 - 30*d**2 + 7*d + 6. Calculate l(-3).
-123
Let t(k) = -3*k + 256. What is t(-10)?
286
Let d(h) = 44*h**2 - 212*h - 43. Determine d(5).
-3
Let y(l) = -23*l - 385. Calculate y(-14).
-63
Let s(p) = -9*p - 178. What is s(-6)?
-124
Let i(g) = -39*g**2 + 41*g + 1. What is i(1)?
3
Let c(p) = -179*p - 1427. Determine c(-8).
5
Let r(d) = 17*d + 542. Calculate r(-24).
134
Let c(x) = -x**2 - 142*x - 1508. Calculate c(-11).
-67
Let a(y) = 63*y**2 - 2143*y + 5. Give a(34).
-29
Let a(t) = -335*t + 4. Determine a(0).
4
Let x(q) = -55*q - 451. Determine x(-7).
-66
Let f(v) = v**3 + 83*v**2 - 81*v + 199. What is f(-84)?
-53
Let f(l) = 5*l - 18. Give f(34).
152
Let f(w) = w**2 + 2*w - 133. Give f(-16).
91
Let p(s) = -2*s**2 + 81*s + 5398. Determine p(76).
2
Let t(d) = d**2 - 74*d - 621. Give t(82).
35
Let z(p) = 17*p**2 + 4*p + 4. What is z(-1)?
17
Let g(y) = 34*y**3 - y**2 + 12*y - 11. Determine g(1).
34
Let l(s) = s**3 + 30*s**2 + 242*s + 6190. Calculate l(-29).
13
Let w(d) = -d**3 - 24*d**2 + 91*d - 70. What is w(-27)?
-340
Let r(k) = -2*k**3 - 95*k**2 + 466*k - 58. Determine r(-52).
46
Let t(m) = -2155*m + 2173. What is t(1)?
18
Let v(b) = -344*b - 8592. Give v(-25).
8
Let g(y) = -3*y - 217. Determine g(0).
-217
Let i(o) = -113*o - 228. Give i(-3).
111
Let c(p) = -63*p + 3207. What is c(51)?
-6
Let s(b) = b**3 + 2*b**2 - 6*b - 19. Give s(-2).
-7
Let o(g) = -42*g + 34. Determine o(-2).
118
Let z(s) = -5063*s + 10123. What is z(2)?
-3
Let y(v) = -v**2 - 26*v - 164. Calculate y(-16).
-4
Let h(i) = -15*i - 127. What is h(-8)?
-7
Let u(s) = -105*s**3 + 7*s**2 + 87*s + 79. Determine u(-1).
104
Let t(j) = 400*j**2 - 3599*j - 5. What is t(9)?
4
Let m(p) = 92*p - 728. Give m(8).
8
Let f(y) = y**3 + 43*y**2 - 67*y + 1015. Determine f(-45).
-20
Let i(f) = -30*f**2 + 2940*f - 8. Give i(98).
-8
Let m(k) = -k**3 + 10*k**2 - 5*k - 49. Give m(9).
-13
Let l(y) = 13*y - 178. Calculate l(13).
-9
Let m(z) = z**3 + 99*z**2 - 108*z - 728. Determine m(-100).
72
Let h(q) = -8*q**2 + 820*q - 3879. What is h(5)?
21
Let p(w) = 149*w**2 - 88*w - 87. Calculate p(-1).
150
Let j(q) = -5*q**2 + 17*q + 47. Calculate j(-4).
-101
Let j(m) = 22*m + 517. Calculate j(-18).
121
Let w(q) = 6*q**2 - 19*q - 647. What is w(-9)?
10
Let j(l) = l**3 - 49*l**2 + 190*l - 42. Give j(4).
-2
Let n(g) = 453*g + 20403. What is n(-45)?
18
Let c(k) = 2*k**3 - 7*k**2 - 57*k + 191. Determine c(3).
11
Let k(j) = j**3 - 35*j**2 + 97*j + 83. Give k(32).
115
Let k(i) = -i**3 + 47*i**2 + 34*i - 1584. Determine k(47).
14
Let n(l) = -3*l**2 + 3*l - 74. Calculate n(0).
-74
Let g(f) = f**3 + 2*f**2 + 9*f + 127. What is g(-6)?
-71
Let r(n) = -90*n - 2646. Give r(-29).
-36
Let l(d) = -d**2 - 18*d + 82. Determine l(6).
-62
Let y(k) = k**3 - 23*k**2 - 70*k - 209. Determine y(26).
-1
Let l(g) = 12*g**3 - 73*g**2 + 17*g - 68. Determine l(6).
-2
Let j(z) = z**2 + 94*z + 1814. Determine j(-57).
-295
Let y(q) = 15*q - 76. Give y(11).
89
Let l(a) = -14*a - 321. What is l(-11)?
-167
Let s(p) = 21*p - 9. Determine s(2).
33
Let q(x) = -4*x**2 - 17*x - 21. Give q(-3).
-6
Let i(z) = 339*z + 22036. Give i(-65).
1
Let z(d) = -d**3 + 113*d**2 + 105*d + 829. Determine z(114).
-197
Let r(w) = -544*w - 5433. Give r(-10).
7
Let s